. Let u(n) = 4*n - 55. What is the remainder when g(7) is divided by u(16)?
8
Let k = 4 + 37. Suppose -d + 13 = -1. Calculate the remainder when k is divided by d.
13
Let p(d) = -4*d - 5. Calculate the remainder when p(-11) is divided by 14.
11
Let t = -9 + 15. Calculate the remainder when 230/6 - t/(-9) is divided by 20.
19
Let j be (-4 - -2)/(4/(-6)). Suppose -91 = -j*f - 4*r, 0*f - 4*f + 168 = -4*r. Calculate the remainder when f is divided by 13.
11
Let f = -2 - -7. Calculate the remainder when 7 is divided by f.
2
Suppose -7*q = -2*q - 380. Suppose -r = -3*f + r + 50, 2*r - q = -4*f. Suppose -f = -m - m. What is the remainder when 25 is divided by m?
7
Suppose 10 = 5*p, t - 100 = -3*t - 4*p. Suppose 0*j - j + 22 = 0. Suppose 2*z - j = -3*h, 8*h - 4*h = 2*z + 34. Calculate the remainder when t is divided by h.
7
Suppose -5*i + 305 = 5*z, -2*i + 181 = i + 5*z. Suppose -2*k + 18 = n, -i = -5*n + 2*k + 2*k. Calculate the remainder when 40 is divided by n.
12
Let k(b) = 4*b**2 - 2*b - 3. Let f be k(3). Suppose -53 - f = -4*w. Let z = -30 - -68. Calculate the remainder when z is divided by w.
18
Suppose 111 + 285 = 9*c. What is the remainder when c is divided by 10?
4
Calculate the remainder when 31 is divided by ((-8)/5)/((-1)/10).
15
Let v be ((-1)/(3/(-945)))/(-1). What is the remainder when (-6)/(-9)*v/(-6) is divided by 18?
17
Let s = 86 - 53. What is the remainder when s is divided by 9?
6
Let u(n) = -8*n - 3. Let p(w) = w - 8. Let i be p(6). What is the remainder when u(i) is divided by 5?
3
Let i = 79 - 37. Suppose 2*j - 3*j = -2*g - 5, 3*g + 13 = 2*j. What is the remainder when i is divided by j?
9
Suppose 3*b - 45 = -0. Let h be 2*-86*2/(-2). Suppose -2*t + 3*n = 3*t - 215, 4*t - 3*n - h = 0. Calculate the remainder when t is divided by b.
13
Let f(s) = -s**3 - s**2 + 51. Let i be f(0). Let r = -5 + i. What is the remainder when r is divided by ((-16)/(-6))/(5/30)?
14
Suppose -5*p + 116 = 4*l, 0*p - l = 2*p - 47. Let s = -1 + 11. Suppose -4*v = 5*d - 72, 0*v + 4*d = 2*v - s. Calculate the remainder when p is divided by v.
11
Let s = -1 - -5. Suppose 0 = -s*o + 10 + 2. Suppose 9 = -3*c, m - o*m - 3*c = -5. What is the remainder when 19 is divided by m?
5
Let b(r) = 4*r - 4. Let t be 26/8 + 1/(-4). What is the remainder when 15 is divided by b(t)?
7
Let v(g) = g**2 + 5*g - 1. Let n be v(-4). Let f be (-5)/2*4/n. Suppose 3*m + f*m - 30 = 0. Calculate the remainder when m is divided by 4.
2
What is the remainder when 47 is divided by 7*(31/7 - 3)?
7
Calculate the remainder when 2310/44 - 1/2 is divided by 18.
16
Let d(a) = -a**3 + 6*a**2 + 14*a - 16. Calculate the remainder when 229 is divided by d(7).
31
Suppose -2*m - 14 - 8 = 0. Let x(z) = -z**2 + 9*z + 4. Let r be x(5). Let u = m + r. Calculate the remainder when u is divided by 5.
3
Let l(q) = -q**3 + 3*q**2 + 3*q + 5. Calculate the remainder when l(4) is divided by -3*((-17)/(-9) - 2)*3.
0
Suppose 2*f = -f - 12. What is the remainder when 17 is divided by 30/(-9)*(f + 1)?
7
Let c = -1 - -10. Suppose v = 2*v - 16. What is the remainder when v is divided by c?
7
Let p = -130 - -137. Calculate the remainder when 89 is divided by p.
5
Suppose 13 = 5*v - 12. What is the remainder when 7 is divided by v?
2
Let u(i) = i**3 - 13*i**2 + 23. What is the remainder when u(13) is divided by 12?
11
Let x = -10 + 8. Calculate the remainder when 37/x*(-2 - 0) is divided by 10.
7
Let r(o) = -3*o**3 + o - 3. Let q be r(-3). Suppose 205 = 5*z - 360. Let l = z - q. What is the remainder when l is divided by 13?
12
Suppose 2*h = -3*q + 26, -q - 1 + 5 = -4*h. Suppose 4*n = q, -2*n + 12 = b + 3*n. What is the remainder when b is divided by 2?
0
Let t(k) = -5*k**3 - 3*k**2 + 2*k + 1. Let p(c) = -4*c**3 - 2*c**2 + c. Let x(a) = -6*p(a) + 5*t(a). What is the remainder when x(-5) is divided by 12?
11
Let t be 2 - (-1 + 4) - -2. Suppose s - 72 = -2*s. Calculate the remainder when s is divided by (-1)/2*(t + -27).
11
Suppose 56 = b - 2*p, 2*b + 22 - 128 = 2*p. Let x = -50 - -63. Calculate the remainder when b is divided by x.
11
Let m(t) = -t**3 - 8*t**2 - 7*t + 8. Let l be m(-7). Suppose 0 = -3*y + l*y - 270. What is the remainder when y is divided by 15?
9
Suppose 2*u + u = 39. Let q be (-4 - -2)/2 + 10. Calculate the remainder when ((-111)/q)/(2/(-6)) is divided by u.
11
Suppose 89 = 3*f - 16. Let n = f - 19. What is the remainder when 62 is divided by n?
14
Let q(s) be the first derivative of -s**4/4 - 4*s**3/3 - 2*s**2 + 3*s + 3. What is the remainder when q(-4) is divided by 7?
5
Suppose -96 = -2*h - 5*o + o, 0 = -4*h + o + 147. Suppose -h = 5*z + 2. Let w = z + 20. Calculate the remainder when w is divided by 7.
5
Suppose 0 = -2*d - 15 + 37. Suppose 3*w + 63 = -18. What is the remainder when d is divided by (-114)/w + (-4)/18?
3
Calculate the remainder when 106 is divided by (-1)/(-3*(-4)/(-192)).
10
Let t be -8*(-4)/8*-1. Calculate the remainder when 6/t*56/(-6) is divided by 4.
2
Suppose -2*g + 17 = -3*c + 2*c, -5*g = c - 53. What is the remainder when 38 is divided by g?
8
Let h(g) = g**3 - g**2 - 2*g + 41. Suppose 2*l - 16 - 26 = 0. Calculate the remainder when h(0) is divided by l.
20
Suppose 3*w - 2*w - 3 = 0. What is the remainder when w is divided by 2?
1
Let n(b) = -b**3 + 6*b**2 - b - 11. Suppose 2*i + 25 = 3*k, -3*k + 10 = -0*k + i. Calculate the remainder when 34 is divided by n(k).
7
Let n(j) = 5*j - 19. Calculate the remainder when 98 is divided by n(8).
14
Let r = 17 + -16. Let f = -5 - 2. Calculate the remainder when f/(-3) - r/3 is divided by 2.
0
Suppose -f + 4 = 5*g, -g + 2*g = 5*f - 98. Calculate the remainder when 71 is divided by f.
14
Let f(p) = 2*p**2 - 8*p + 7. Let n(w) = 4*w + 0 + 1 + 0*w - 3*w. Calculate the remainder when f(5) is divided by n(5).
5
Let s(o) = o**3 - 19*o**2 + 17*o + 22. What is the remainder when 19 is divided by s(18)?
3
Let i = -2 - -5. Let g = -22 + 20. Calculate the remainder when i*((-348)/9)/g is divided by 20.
18
Let z = 86 + -72. Suppose -n + 0 = -5. Calculate the remainder when z is divided by n.
4
Suppose t + 0*t - 2 = 0. Let p be ((-2)/4)/(t/68). What is the remainder when 44 is divided by -4 - p - (-1 + -1)?
14
Let t = -5 - -8. Suppose 0 = -t*d - 3*o + 6, -o = 4*d - 0*o - 5. Let j(s) = 7*s**2 - 1. Calculate the remainder when 17 is divided by j(d).
5
Let p(k) = 50*k**2 + 5. Let b(o) = 75*o**2 + 8. Let n(y) = -5*b(y) + 8*p(y). Calculate the remainder when n(1) is divided by 13.
12
Suppose -3*c + s + 110 + 89 = 0, 4*s = -2*c + 128. Calculate the remainder when c is divided by 23.
20
Let a = -28 + 49. Suppose 0 = -3*d + 3*l + 24, -5*l - 9 + 1 = -d. Calculate the remainder when a is divided by d.
5
Suppose -4*g + 79 = -41. Suppose -9 = -3*f + g. Calculate the remainder when f is divided by 8.
5
Let n(d) = d**3 + 12*d**2 - 12*d - 2. Calculate the remainder when n(-12) is divided by 36.
34
Suppose -25 = -2*j - 3*t, 4*t + 45 = j - t. Let k = j + -4. Calculate the remainder when 0/(-2) + 46 - 0 is divided by k.
14
Let v be (6/(-9))/((-1)/3). Let n(o) = -o**2 + 0*o**2 - v - 3*o - 6*o + 0*o**2. Calculate the remainder when 34 is divided by n(-7).
10
Calculate the remainder when 42 is divided by ((-500)/(-175))/((-2)/(-7)).
2
Let m = 12 + -7. What is the remainder when 30/80 + 212/(-32)*-1 is divided by m?
2
Calculate the remainder when 251 is divided by 11 + -7 - (2 - 40).
41
Suppose 0 = -8*v + 159 + 81. What is the remainder when v is divided by 12?
6
Let j = 124 + -77. What is the remainder when j is divided by 12?
11
Let b = 752 + -745. Suppose 3*o = 51 + 30. What is the remainder when o is divided by b?
6
Suppose 2*x = -3*x + 60. Let n(d) = -23*d**2 + 2*d - 2. Let l be n(2). Let b = -55 - l. What is the remainder when b is divided by x?
11
Calculate the remainder when 52 is divided by 1/7 + 123/21.
4
Calculate the remainder when 95 is divided by (-7)/(29/(-7) + 4).
46
Suppose -5*p + p + 24 = 0. Let f = p - 2. What is the remainder when 6 is divided by f?
2
Calculate the remainder when 21 is divided by (5/((-50)/(-32)))/(2/5).
5
What is the remainder when 1/(-26)*-4 + (-3312)/(-104) is divided by 11?
10
Suppose 0 = 4*x + 182 + 74. Calculate the remainder when 61 is divided by (x/(-20) + -4)*-20.
13
What is the remainder when 62 is divided by (-56)/(-